- 3316?
-3104
In base 3, what is 12 + -2000201212?
-2000201200
In base 8, what is 4525646 - 5?
4525641
In base 3, what is 1200201 - 10001110?
-1100202
In base 9, what is 0 + -37717?
-37717
In base 7, what is 43 - -13610?
13653
In base 10, what is -16 - 17195?
-17211
In base 2, what is 11010010110 + 1000100?
11011011010
In base 14, what is b68 + 3?
b6b
In base 8, what is -2231 + -76?
-2327
In base 10, what is 4044 + 132?
4176
In base 15, what is 0 - -a257?
a257
In base 5, what is -220 - -1000212?
444442
In base 10, what is -47472 + -2?
-47474
In base 16, what is 55d - f1a?
-9bd
In base 3, what is 1201221102 - 12?
1201221020
In base 6, what is 144231 - 133?
144054
In base 16, what is 3ea7 + 5?
3eac
In base 10, what is -753 - -116?
-637
In base 10, what is -302031 + -12?
-302043
In base 2, what is 10 - 11001101011010000?
-11001101011001110
In base 4, what is 10 + -2230013112?
-2230013102
In base 12, what is -25b889 + -2?
-25b88b
In base 14, what is -5 - -cb27?
cb22
In base 8, what is 71 - 151357?
-151266
In base 2, what is -10 + 10010111011111?
10010111011101
In base 16, what is -3b5 + -19?
-3ce
In base 14, what is -7db - d3?
-8d0
In base 14, what is -15c - 61?
-1bd
In base 2, what is -100 - 1010010010100111110?
-1010010010101000010
In base 3, what is 102111 - -2111?
111222
In base 10, what is -315312 - -3?
-315309
In base 7, what is 43426 + -1?
43425
In base 16, what is -6c - -269?
1fd
In base 2, what is -100001110 - 10011001?
-110100111
In base 2, what is -1110 + -100111101001100?
-100111101011010
In base 5, what is 10 + 224011121?
224011131
In base 3, what is 10 + -210?
-200
In base 2, what is -10010010 - -1010?
-10001000
In base 16, what is -1ce3 + 14?
-1ccf
In base 5, what is 13040 - 13?
13022
In base 16, what is 2d6 + 7b?
351
In base 7, what is 33015 - -10?
33025
In base 14, what is 11bc6d + -2?
11bc6b
In base 2, what is 10010100100001 - 11?
10010100011110
In base 14, what is -4 + 121147?
121143
In base 14, what is 2 - 6acd6?
-6acd4
In base 9, what is 106647 - -33?
106681
In base 9, what is -1454 - -208?
-1245
In base 6, what is 1 - -213223?
213224
In base 3, what is -100 - 12100100121?
-12100100221
In base 12, what is 8 - 544a0?
-54494
In base 4, what is 313 + 2123213?
2130132
In base 15, what is 1c9963 - 4?
1c995e
In base 3, what is 110 - -110210200?
110211010
In base 12, what is 2709838 + 5?
2709841
In base 11, what is -1 + 951a?
9519
In base 12, what is -2a3 - -b00?
819
In base 3, what is 1210 - 101121010?
-101112100
In base 13, what is -a83b3 + -2?
-a83b5
In base 5, what is 1 + 2110203?
2110204
In base 3, what is -2 - 212212010?
-212212012
In base 16, what is -3 - -3ed8?
3ed5
In base 5, what is 22344 - 3?
22341
In base 11, what is 3206 + -3?
3203
In base 11, what is 1 - 1424?
-1423
In base 16, what is -1bb0 - 5?
-1bb5
In base 11, what is 6 + 24a7a4?
24a7aa
In base 9, what is -65 - 1538?
-1614
In base 11, what is 0 - -35519?
35519
In base 14, what is -6 - 10c2?
-10c8
In base 8, what is 0 - -2170101?
2170101
In base 11, what is -4 - -116143?
11613a
In base 7, what is -665550 - 4?
-665554
In base 15, what is 257c1 - 5?
257bb
In base 12, what is 18 + 48617?
48633
In base 9, what is -3 + -1181700?
-1181703
In base 15, what is 3 + 2b82e?
2b832
In base 7, what is 11161 - 1061?
10100
In base 11, what is 5 + -3a5a83?
-3a5a79
In base 14, what is 22 + -68?
-46
In base 10, what is -4 - 3459?
-3463
In base 8, what is -5 + 60161?
60154
In base 6, what is -3203 + 103?
-3100
In base 9, what is 1024 + 4585?
5620
In base 10, what is 281 + -116?
165
In base 5, what is 11430 + -11?
11414
In base 5, what is -2311402 + -3?
-2311410
In base 4, what is 0 - 323021?
-323021
In base 3, what is 1122 + -112122?
-111000
In base 8, what is -540 - -612?
52
In base 12, what is -b8a + 501?
-689
In base 15, what is -36 + -37?
-6d
In base 15, what is e + -24cd?
-24be
In base 9, what is 0 + 364321?
364321
In base 13, what is -a6b - -94?
-9a7
In base 15, what is 84a878 - 0?
84a878
In base 7, what is -5226441 + -1?
-5226442
In base 14, what is 18b - 529?
-37c
In base 8, what is -7 + -164266?
-164275
In base 9, what is 6415 - -1?
6416
In base 13, what is -a67a2 + -3?
-a67a5
In base 10, what is 4690 - -35?
4725
In base 8, what is -1704642 - -4?
-1704636
In base 13, what is 4b - -26b?
2b9
In base 16, what is -45 - 3ac?
-3f1
In base 2, what is 11 + 111101110?
111110001
In base 5, what is -24 - -233333?
233304
In base 10, what is 416 + -3441?
-3025
In base 12, what is -3 - -43a?
437
In base 7, what is -11 + 6541?
6530
In base 16, what is 298 + 60?
2f8
In base 3, what is 100 + 11200202020?
11200202120
In base 3, what is -121 + 100021?
22200
In base 2, what is 1 - -10111011001111000110?
10111011001111000111
In base 5, what is 0 + 34011?
34011
In base 2, what is 11 + 10001100101?
10001101000
In base 8, what is -5 + 51654?
51647
In base 13, what is b24 + 117?
c3b
In base 7, what is -26536 + 16?
-26520
In base 2, what is 1100101010010 + -10111?
1100100111011
In base 2, what is 1010100001 - 10010110100?
-1000010011
In base 11, what is 0 + 8084?
8084
In base 6, what is 5 - -20231?
20240
In base 2, what is 1110001 + 11100?
10001101
In base 15, what is 3240 - -2?
3242
In base 14, what is 10c800 - -6?
10c806
In base 9, what is -4 - -500?
485
In base 9, what is -23310 - -3?
-23306
In base 6, what is -14132 - 1331?
-15503
In base 2, what is -11000 - -1011011010010010?
1011011001111010
In base 5, what is 3134442 - -4?
3140001
In base 9, what is -2 - -75341?
75338
In base 10, what is 4 - 201403?
-201399
In base 2, what is -100110101101111000 + -1011?
-100110101110000011
In base 14, what is -22 + 32c?
30a
In base 9, what is -257 - 135?
-403
In base 2, what is 10001001111010 + -10?
10001001111000
In base 2, what is 11100 - -100110110011?
100111001111
In base 3, what is 110 + 220020111?
220020221
In base 12, what is 7314 - 2?
7312
In base 10, what is 796 - -364?
1160
In base 9, what is 10 - -11865?
11875
In base 15, what is 7d697 + -4?
7d693
In base 3, what is -11222020201102 - 10?
-11222020201112
In base 9, what is 2 + -87833?
-87831
In base 11, what is 2 + 5587?
5589
In base 13, what is 398 - 28?
370
In base 4, what is -3 + 303031?
303022
In base 4, what is 10 + 10021202?
10021212
In base 15, what is -1 + -40eb7?
-40eb8
In base 6, what is -5 + 232323?
232314
In base 13, what is -5b42 - -6?
-5b39
In base 4, what is 12 - -20120021?
20120033
In base 14, what is -a0 + -1c1?
-281
In base 13, what is -60 - -454?
3c4
In base 16, what is -a4 - -4dc9?
4d25
In base 10, what is 2 + 47439?
47441
In base 10, what is -22689 - -6?
-22683
In base 4, what is -2000021001 + -2?
-2000021003
In base 10, what is -563103 - -2?
-563101
In base 9, what is 5 - 1204362?
-1204356
In base 15, what is -3 + 34abc?
34ab9
In base 9, what is -6047 + -7?
-6055
In base 8, what is 235052 - -4?
235056
In base 15, what is -c - 2e31d?
-2e32a
In base 16, what is 25 - -7d5?
7fa
In base 16, what is 325a + fe?
3358
In base 2, what is -11111000010011101110 + 11?
-11111000010011101011
In base 2, what is -10100100111001 - 1000?
-10100101000001
In base 11, what is -28 - 492?
-50a
In base 13, what is -10 + 15a71?
15a61
In base 3, what is -121121 + 11000?
-110121
In base 9, what is 305472 + -3?
305468
In base 9, what is 175 - -262?
447
In base 16, what is 5b - -d?
68
In base 13, what is -2a0 - 13c?
-40c
In base 14, what is -1a12 + d7?
-1919
In base 11, what is -a66210 + 4?
-a66207
In base 9, what is 572715 - 5?
572710
In base 5, what is -103140 + -102?
-103242
In base 9, what is -207357 - 5?
-207363
In base 14, what is -147418 - -3?
-147415
In base 7, what is -5 + 1621536?
1621531
In base 16, what is -19 + -25971?
-2598a
In base 4, what is -113230 + -1021?
-120311
In base 11, what is a + 1238?
1247
In base 3, what is -12 - -2012122220?
2012122201
In base 7, what is 0 + -5116?
-5116
In base 4, what is 1 + 2332133?
2332200
In base 10, what is 1 - 10614?
-10613
In base 9, what is -1052246 - -1?
-1052245
In base 2, what is 11101011111001 + -10001?
11101011101000
In base 10, what is -979 - -201?
-778
In base 3, what is -1002 - -111111?
110102
In base 9, what is -124403 + -10?
-124413
In base 12, what is 417b6 + 5?
417bb
In base 11, what is -32a5a + a?
-32a50
In base 7, what is 443330 - -4?
443334
In base 15, what is 55 - -296?
2eb
In base 10,